t is 4126236 (base 10) in base 7?
50033562
-91035 (base 12) to base 6
-4012105
2361431 (base 8) to base 11
402906
What is 5a9f0 (base 16) in base 9?
625146
25455065 (base 7) to base 13
63140c
Convert 110012002000 (base 3) to base 16.
3a917
121013312213 (base 4) to base 15
8a1512
Convert -31616056 (base 7) to base 11.
-157a836
-202121221110 (base 3) to base 16
-631fb
16a68 (base 16) to base 5
10432101
Convert 4a332 (base 15) to base 6.
5025032
Convert -211101223102 (base 4) to base 12.
-3332b2a
Convert 1dc77 (base 14) to base 8.
225401
Convert -4135663 (base 8) to base 11.
-689a04
25b6b (base 16) to base 11
a6072
What is 2541135 (base 6) in base 5?
13401101
Convert 2013402 (base 5) to base 9.
48336
-28871 (base 13) to base 5
-4414032
What is -10030122002 (base 4) in base 15?
-16ab2e
Convert 90078 (base 12) to base 7.
1405235
2ca67 (base 16) to base 13
65323
What is 11630b (base 13) in base 9?
700254
Convert -11010100000111010011 (base 2) to base 6.
-30342151
Convert 310303020 (base 5) to base 11.
790527
What is -4d5ca (base 14) in base 8?
-564036
Convert -123106b (base 12) to base 7.
-42104024
121220021121220 (base 3) to base 5
4244343012
What is 2232202032 (base 5) in base 13?
10485cc
-712da (base 16) to base 4
-1301023122
35251204 (base 7) to base 13
849355
Convert -124004 (base 7) to base 10.
-22985
Convert -2001133 (base 4) to base 5.
-231122
What is 381c4b (base 13) in base 15?
1b9020
51853 (base 11) to base 4
102130222
Convert 12104242 (base 5) to base 14.
2d2c8
What is a4b3f1 (base 16) in base 8?
51131761
-155434324 (base 7) to base 5
-10144443404
What is -11122020200011 (base 3) in base 2?
-1001011001110111010111
What is -451122 (base 8) in base 13?
-54337
Convert 23060647 (base 8) to base 12.
1814a07
Convert -573144 (base 12) to base 16.
-154804
-441210045 (base 6) to base 2
-11110001001001000101101
-51035045 (base 7) to base 6
-230545335
What is -189a0b (base 14) in base 16?
-d4d8b
What is -210023555 (base 6) in base 2?
-1101111001010011111111
Convert 48c73 (base 13) to base 14.
36b54
Convert cd589 (base 14) to base 16.
79865
-1bc92 (base 14) to base 10
-71080
112211210121 (base 3) to base 11
18a581
What is 1202110000210 (base 3) in base 12?
390526
13ee12 (base 16) to base 12
52ba42
-576357 (base 9) to base 10
-345841
Convert -1523341 (base 8) to base 9.
-733884
What is 1c4c987 (base 13) in base 4?
203330322311
What is -1a6846 (base 11) in base 3?
-121002002221
What is -25056013 (base 7) in base 10?
-2249404
What is 71079 (base 13) in base 15?
3edb9
Convert -32dec (base 16) to base 7.
-1525322
1122214201 (base 5) to base 11
1484388
What is -65127 (base 8) in base 7?
-142240
Convert -102220111120 (base 3) to base 6.
-5005023
What is -20101000021010 (base 3) in base 4?
-30322211010
cb1653 (base 13) to base 12
1722172
1471403 (base 9) to base 14
172c32
8c703 (base 13) to base 12
104206
What is 207646 (base 11) in base 9?
555615
What is -18a51 (base 14) in base 9?
-104532
5007465 (base 9) to base 2
1010001010000100100011
What is -1344320224 (base 5) in base 13?
-95bc40
-11604243 (base 7) to base 3
-1222000110110
What is -3244601 (base 8) in base 3?
-1122020111022
What is -41050203 (base 8) in base 4?
-201011002003
Convert -217537 (base 8) to base 2.
-10001111101011111
Convert -59ca6b (base 13) to base 14.
-3da6b7
-1b96c (base 15) to base 10
-89877
What is 1332104 (base 6) in base 5?
4334334
What is 347313 (base 9) in base 10?
208749
What is 1487638 (base 9) in base 14?
176d01
What is -1b9b70 (base 14) in base 16?
-f10d6
What is 2758 (base 12) in base 16?
11b4
What is -100141543 (base 6) in base 16?
-19d547
What is 2b3616 (base 12) in base 11?
45a917
What is -84149 (base 13) in base 6?
-5031322
b4f1 (base 16) to base 15
dad1
What is -5f2c (base 16) in base 6?
-304444
-141040442 (base 5) to base 15
-e3b17
Convert -101111101110001001 (base 2) to base 15.
-3cdb0
Convert 207cc (base 14) to base 12.
39440
Convert 889937 (base 13) to base 16.
3122cc
-340415522 (base 6) to base 12
-20a75a2
What is -241220 (base 9) in base 8?
-433543
What is 22410676 (base 8) in base 11?
2816045
What is -23b5444 (base 13) in base 12?
-386b949
6219ae (base 16) to base 12
21a0666
What is 62333112 (base 7) in base 16?
4fe243
What is -12101020012212 (base 3) in base 8?
-12717107
-111000100111010110111 (base 2) to base 16
-1c4eb7
What is 1272490 (base 11) in base 16?
218f63
What is c32119 (base 13) in base 14?
8648ac
Convert 101220101212200 (base 3) to base 10.
5794731
Convert -361666 (base 12) to base 6.
-30420210
What is -181550 (base 11) in base 2?
-1000100011001101010
What is -220010 (base 7) in base 16?
-9617
42500325 (base 6) to base 12
5046a5
512848 (base 14) to base 11
15a8651
323132431 (base 5) to base 2
101010001000000001110
-10001110101100010110100 (base 2) to base 4
-101311202310
What is -1dfdc (base 16) in base 15?
-265e9
What is -20a0bb (base 13) in base 10?
-764710
What is 2322341 (base 7) in base 5?
33311013
-240322 (base 6) to base 2
-101000101111010
What is 5532399 (base 10) in base 15?
744369
Convert -533651 (base 9) to base 12.
-1339a7
-488634 (base 10) to base 12
-1b6936
Convert 1182644 (base 11) to base 14.
3b6356
Convert -112121110 (base 4) to base 16.
-16654
What is -248103 (base 14) in base 6?
-42453451
What is 37102 (base 12) in base 15?
170d5
2a565 (base 11) to base 2
1010100100000100
-2000 (base 4) to base 9
-152
Convert -132031 (base 9) to base 15.
-18b7d
What is -1332231113 (base 4) in base 13?
-152300
Convert 752187 (base 9) to base 8.
1552426
Convert 46221b (base 15) to base 7.
40314215
Convert 3334124 (base 6) to base 3.
22112120221
Convert 141303 (base 6) to base 8.
31747
2103631 (base 7) to base 5
31102300
4036403 (base 9) to base 3
11001020110010
Convert 1122021101020 (base 3) to base 10.
871431
Convert 10303210 (base 4) to base 13.
8c62
What is -48d4 (base 15) in base 5?
-443444
10323233313 (base 4) to base 12
524533
2b9839 (base 14) to base 11
951455
-564750 (base 8) to base 16
-2e9e8
What is -85025 (base 12) in base 6?
-3424045
Convert 316d8 (base 16) to base 8.
613330
811b5 (base 13) to base 16
3865a
What is 134051204 (base 6) in base 3?
12002211021211
What is -25610 (base 13) in base 5?
-4203014
-1211761 (base 12) to base 3
-20121011222001
53aa7 (base 11) to base 8
231275
What is 10145283 (base 9) in base 12?
176b640
Convert -103231221020 (base 4) to base 12.
-1892688
14330b (base 14) to base 12
29933b
Convert -d22b (base 15) to base 14.
-12250
Convert -47aa97b (base 12) to base 8.
-65043357
What is -d21d34 (base 14) in base 15?
-94ae72
-199155 (base 10) to base 2
-110000100111110011
Convert -123303200122 (base 4) to base 3.
-111201022102201
What is 11110000010001101111111 (base 2) in base 3?
112211000021200
-2010401334 (base 5) to base 10
-3997094
-2033424 (base 6) to base 15
-1e08d
Convert 33230312 (base 4) to base 2.
1111101100110110
What is -62415 (base 10) in base 7?
-346653
-27eca0 (base 16) to base 12
-a62200
-11834 (base 15) to base 10
-55849
120717 (base 9) to base 2
10001110000110010
What is -d179ad (base 14) in base 2?
-11010111001011111110101
What is 164042 (base 8) in base 10?
59426
-1660871 (base 11) to base 5
-1210424014
What is -3ee6ec (base 15) in base 13?
-823992
What is -26233003 (base 7) in base 10?
-2394829
Convert -111233002 (base 4) to base 15.
-1b5a1
-7ed61 (base 15) to base 3
-202120001201
What is -10111012210211 (base 3) in base 2?
-111000100101111100100
-1100111000100000110010 (base 2) to base 16
-338832
What is 1a9026 (base 11) in base 8?
1157754
Convert 2738747 (base 11) to base 4.
102001302330
-331033 (base 9) to base 4
-300033111
-1b54271 (base 12) to base 15
-7a3951
42301 (base 11) to base 14
18634
Convert -355455331 (base 6) to base 3.
-110121221012201
-726a4 (base 11) to base 6
-2134405
-11111002323 (base 4) to base 15
-1c8d83
31323d (base 15) to base 8
10731067
Convert -70947 (base 13) to base 4.
-301030203
87a76 (base 13) to base 6
5133142
What is -3001044344 (base 5) in base 8?
-26330523
What is -1010001111101001000 (base 2) in base 15?
-696e3
What is 7c3cb0 (base 13) in base 8?
13202621
-213114 (base 5) to base 14
-2924
Convert 46735 (base 10) to base 2.
1011011010001111
What is -221003122213 (base 4) in base 8?
-51033247
Convert 11122320220 (base 4) to base 13.
3a9945
-1285a58 (base 13